{"id":9263,"date":"2025-07-08T12:31:03","date_gmt":"2025-07-08T12:31:03","guid":{"rendered":"https:\/\/www.myinformatique.ma\/bienvenue\/?post_type=product&#038;p=9263"},"modified":"2025-07-08T17:53:07","modified_gmt":"2025-07-08T17:53:07","slug":"hp-color-laser-mfp-179fnw","status":"publish","type":"product","link":"https:\/\/www.myinformatique.ma\/bienvenue\/product\/hp-color-laser-mfp-179fnw\/","title":{"rendered":"HP COLOR LASER MFP 179FNW"},"content":{"rendered":"","protected":false},"excerpt":{"rendered":"<p>Fonctions : Impression, copie, num\u00e9risation, t\u00e9l\u00e9copie<\/p>\n<hr \/>\n<p>Technologie : Laser couleur<\/p>\n<hr \/>\n<p>Vitesse d\u2019impression : Noir : jusqu\u2019\u00e0 18-19 ppm \/ Couleur : jusqu\u2019\u00e0 4 ppm<\/p>\n<hr \/>\n<p>Qualit\u00e9 d\u2019impression : Jusqu\u2019\u00e0 600 x 600 ppp<\/p>\n<hr \/>\n<p>M\u00e9moire : 128 Mo<\/p>\n<hr \/>\n<p>Connectivit\u00e9 : Wi-Fi 802.11 b\/g\/n<\/p>\n<hr \/>\n<p>Port Ethernet 10\/100Base-TX<\/p>\n<hr \/>\n<p>Port USB 2.0 haute vitesse<\/p>\n<hr \/>\n<p>Impression mobile via HP Smart, Apple AirPrint, Google Cloud Print<\/p>\n<hr \/>\n<p>Alimentation papier : Bac d\u2019entr\u00e9e 150 feuilles \/ sortie 50 feuilles<\/p>\n<hr \/>\n<p>Cartouches : 4 toners (noir, cyan, magenta, jaune)<\/p>\n","protected":false},"featured_media":9266,"comment_status":"open","ping_status":"closed","template":"","meta":{"_acf_changed":false,"_monsterinsights_skip_tracking":false,"_monsterinsights_sitenote_active":false,"_monsterinsights_sitenote_note":"","_monsterinsights_sitenote_category":0},"product_brand":[],"product_cat":[251],"product_tag":[],"class_list":{"0":"post-9263","1":"product","2":"type-product","3":"status-publish","4":"has-post-thumbnail","6":"product_cat-impriments","8":"first","9":"instock","10":"shipping-taxable","11":"purchasable","12":"product-type-simple"},"acf":[],"_links":{"self":[{"href":"https:\/\/www.myinformatique.ma\/bienvenue\/wp-json\/wp\/v2\/product\/9263","targetHints":{"allow":["GET"]}}],"collection":[{"href":"https:\/\/www.myinformatique.ma\/bienvenue\/wp-json\/wp\/v2\/product"}],"about":[{"href":"https:\/\/www.myinformatique.ma\/bienvenue\/wp-json\/wp\/v2\/types\/product"}],"replies":[{"embeddable":true,"href":"https:\/\/www.myinformatique.ma\/bienvenue\/wp-json\/wp\/v2\/comments?post=9263"}],"wp:featuredmedia":[{"embeddable":true,"href":"https:\/\/www.myinformatique.ma\/bienvenue\/wp-json\/wp\/v2\/media\/9266"}],"wp:attachment":[{"href":"https:\/\/www.myinformatique.ma\/bienvenue\/wp-json\/wp\/v2\/media?parent=9263"}],"wp:term":[{"taxonomy":"product_brand","embeddable":true,"href":"https:\/\/www.myinformatique.ma\/bienvenue\/wp-json\/wp\/v2\/product_brand?post=9263"},{"taxonomy":"product_cat","embeddable":true,"href":"https:\/\/www.myinformatique.ma\/bienvenue\/wp-json\/wp\/v2\/product_cat?post=9263"},{"taxonomy":"product_tag","embeddable":true,"href":"https:\/\/www.myinformatique.ma\/bienvenue\/wp-json\/wp\/v2\/product_tag?post=9263"}],"curies":[{"name":"wp","href":"https:\/\/api.w.org\/{rel}","templated":true}]}}