{"id":8248,"date":"2024-04-24T11:28:13","date_gmt":"2024-04-24T11:28:13","guid":{"rendered":"https:\/\/www.myinformatique.ma\/bienvenue\/?post_type=product&#038;p=8248"},"modified":"2024-04-24T11:28:14","modified_gmt":"2024-04-24T11:28:14","slug":"imprimante-ticket-rongta","status":"publish","type":"product","link":"https:\/\/www.myinformatique.ma\/bienvenue\/product\/imprimante-ticket-rongta\/","title":{"rendered":"Imprimante ticket Rongta"},"content":{"rendered":"","protected":false},"excerpt":{"rendered":"<ul>\n<li>Impression haute vitesse 250mm\/s,<\/li>\n<\/ul>\n<hr \/>\n<ul>\n<li>\nFacile \u00e0 entretenir, am\u00e9lioration de l&#8217;efficacit\u00e9 du travail<\/li>\n<\/ul>\n<hr \/>\n<ul>\n<li>\nImpression \u00e0 faible bruit et \u00e0 haute vitesse d&#8217;images et de caract\u00e8res<\/li>\n<\/ul>\n<hr \/>\n<ul>\n<li>\nChargement facile du papier, avec massicot automatique<\/li>\n<\/ul>\n<hr \/>\n<ul>\n<li>\ncoupe partielle\/compl\u00e8te en option-Installation flexible<\/li>\n<\/ul>\n<hr \/>\n<ul>\n<li>\nWindows System<\/li>\n<\/ul>\n","protected":false},"featured_media":8249,"comment_status":"open","ping_status":"closed","template":"","meta":{"_acf_changed":false,"_monsterinsights_skip_tracking":false,"_monsterinsights_sitenote_active":false,"_monsterinsights_sitenote_note":"","_monsterinsights_sitenote_category":0},"product_brand":[],"product_cat":[251],"product_tag":[],"class_list":{"0":"post-8248","1":"product","2":"type-product","3":"status-publish","4":"has-post-thumbnail","6":"product_cat-impriments","8":"first","9":"instock","10":"shipping-taxable","11":"purchasable","12":"product-type-simple"},"acf":[],"_links":{"self":[{"href":"https:\/\/www.myinformatique.ma\/bienvenue\/wp-json\/wp\/v2\/product\/8248","targetHints":{"allow":["GET"]}}],"collection":[{"href":"https:\/\/www.myinformatique.ma\/bienvenue\/wp-json\/wp\/v2\/product"}],"about":[{"href":"https:\/\/www.myinformatique.ma\/bienvenue\/wp-json\/wp\/v2\/types\/product"}],"replies":[{"embeddable":true,"href":"https:\/\/www.myinformatique.ma\/bienvenue\/wp-json\/wp\/v2\/comments?post=8248"}],"wp:featuredmedia":[{"embeddable":true,"href":"https:\/\/www.myinformatique.ma\/bienvenue\/wp-json\/wp\/v2\/media\/8249"}],"wp:attachment":[{"href":"https:\/\/www.myinformatique.ma\/bienvenue\/wp-json\/wp\/v2\/media?parent=8248"}],"wp:term":[{"taxonomy":"product_brand","embeddable":true,"href":"https:\/\/www.myinformatique.ma\/bienvenue\/wp-json\/wp\/v2\/product_brand?post=8248"},{"taxonomy":"product_cat","embeddable":true,"href":"https:\/\/www.myinformatique.ma\/bienvenue\/wp-json\/wp\/v2\/product_cat?post=8248"},{"taxonomy":"product_tag","embeddable":true,"href":"https:\/\/www.myinformatique.ma\/bienvenue\/wp-json\/wp\/v2\/product_tag?post=8248"}],"curies":[{"name":"wp","href":"https:\/\/api.w.org\/{rel}","templated":true}]}}