{"id":8224,"date":"2024-04-23T17:38:18","date_gmt":"2024-04-23T17:38:18","guid":{"rendered":"https:\/\/www.myinformatique.ma\/bienvenue\/?post_type=product&#038;p=8224"},"modified":"2025-10-22T11:45:16","modified_gmt":"2025-10-22T11:45:16","slug":"redmi-14c-4-128go","status":"publish","type":"product","link":"https:\/\/www.myinformatique.ma\/bienvenue\/product\/redmi-14c-4-128go\/","title":{"rendered":"REDMI 14C \u2013 4\/128Go"},"content":{"rendered":"","protected":false},"excerpt":{"rendered":"<p>Processeur : MediaTek Dimensity 7050 \u2013 Des performances puissantes pour une exp\u00e9rience fluide et rapide<\/p>\n<hr \/>\n<p>RAM : 4 Go \u2013 Multit\u00e2che optimis\u00e9 pour une r\u00e9activit\u00e9 exceptionnelle<\/p>\n<hr \/>\n<p>Stockage : 128 Go \u2013 Grande capacit\u00e9 pour toutes vos applications, photos et vid\u00e9os<\/p>\n<hr \/>\n<p>\u00c9cran : 6.88\u201d LCD Full HD+ \u2013 D\u00e9tails nets avec un affichage vif et une fluidit\u00e9 parfaite<\/p>\n<hr \/>\n<p>Appareil photo : 50 MP \u2013 Des photos nettes et lumineuses, m\u00eame en basse lumi\u00e8re<\/p>\n<hr \/>\n<p>Batterie : 5160 mAh \u2013 Autonomie prolong\u00e9e avec recharge rapide 33W<\/p>\n<hr \/>\n<p>Connectivit\u00e9 : 4G \u2013 Connexion stable pour une navigation et un streaming fluide<\/p>\n","protected":false},"featured_media":8971,"comment_status":"open","ping_status":"closed","template":"","meta":{"_acf_changed":false,"_monsterinsights_skip_tracking":false,"_monsterinsights_sitenote_active":false,"_monsterinsights_sitenote_note":"","_monsterinsights_sitenote_category":0},"product_brand":[],"product_cat":[236,346],"product_tag":[],"class_list":{"0":"post-8224","1":"product","2":"type-product","3":"status-publish","4":"has-post-thumbnail","6":"product_cat-telephones","7":"product_cat-xiaomi","9":"first","10":"instock","11":"shipping-taxable","12":"purchasable","13":"product-type-simple"},"acf":[],"_links":{"self":[{"href":"https:\/\/www.myinformatique.ma\/bienvenue\/wp-json\/wp\/v2\/product\/8224","targetHints":{"allow":["GET"]}}],"collection":[{"href":"https:\/\/www.myinformatique.ma\/bienvenue\/wp-json\/wp\/v2\/product"}],"about":[{"href":"https:\/\/www.myinformatique.ma\/bienvenue\/wp-json\/wp\/v2\/types\/product"}],"replies":[{"embeddable":true,"href":"https:\/\/www.myinformatique.ma\/bienvenue\/wp-json\/wp\/v2\/comments?post=8224"}],"wp:featuredmedia":[{"embeddable":true,"href":"https:\/\/www.myinformatique.ma\/bienvenue\/wp-json\/wp\/v2\/media\/8971"}],"wp:attachment":[{"href":"https:\/\/www.myinformatique.ma\/bienvenue\/wp-json\/wp\/v2\/media?parent=8224"}],"wp:term":[{"taxonomy":"product_brand","embeddable":true,"href":"https:\/\/www.myinformatique.ma\/bienvenue\/wp-json\/wp\/v2\/product_brand?post=8224"},{"taxonomy":"product_cat","embeddable":true,"href":"https:\/\/www.myinformatique.ma\/bienvenue\/wp-json\/wp\/v2\/product_cat?post=8224"},{"taxonomy":"product_tag","embeddable":true,"href":"https:\/\/www.myinformatique.ma\/bienvenue\/wp-json\/wp\/v2\/product_tag?post=8224"}],"curies":[{"name":"wp","href":"https:\/\/api.w.org\/{rel}","templated":true}]}}