{"id":8162,"date":"2024-04-22T16:51:26","date_gmt":"2024-04-22T16:51:26","guid":{"rendered":"https:\/\/www.myinformatique.ma\/bienvenue\/?post_type=product&#038;p=8162"},"modified":"2024-10-11T10:18:13","modified_gmt":"2024-10-11T10:18:13","slug":"microsoft-corporation-windows-11-pro-64bit","status":"publish","type":"product","link":"https:\/\/www.myinformatique.ma\/bienvenue\/product\/microsoft-corporation-windows-11-pro-64bit\/","title":{"rendered":"Microsoft Corporation Windows 11 Pro 64bit"},"content":{"rendered":"","protected":false},"excerpt":{"rendered":"<ul>\n<li>Syst\u00e8me d&#8217;exploitation : Windows 11 Pro 64 bits<br \/>\n<hr \/>\n<\/li>\n<li>Interface : Moderne et centr\u00e9e sur la productivit\u00e9<br \/>\n<hr \/>\n<\/li>\n<li>Nouveaut\u00e9s : Nouveau menu D\u00e9marrer, barre des t\u00e2ches repens\u00e9e, prise en charge des applications Android<br \/>\n<hr \/>\n<\/li>\n<li>S\u00e9curit\u00e9 : Windows Hello, Windows Defender<br \/>\n<hr \/>\n<\/li>\n<li>Productivit\u00e9 : Int\u00e9gration de Microsoft 365, outils de gestion des appareils am\u00e9lior\u00e9s<\/li>\n<\/ul>\n","protected":false},"featured_media":8165,"comment_status":"open","ping_status":"closed","template":"","meta":{"_acf_changed":false,"_monsterinsights_skip_tracking":false,"_monsterinsights_sitenote_active":false,"_monsterinsights_sitenote_note":"","_monsterinsights_sitenote_category":0},"product_brand":[],"product_cat":[15],"product_tag":[],"class_list":{"0":"post-8162","1":"product","2":"type-product","3":"status-publish","4":"has-post-thumbnail","6":"product_cat-non-classe","8":"first","9":"instock","10":"shipping-taxable","11":"purchasable","12":"product-type-simple"},"acf":[],"_links":{"self":[{"href":"https:\/\/www.myinformatique.ma\/bienvenue\/wp-json\/wp\/v2\/product\/8162","targetHints":{"allow":["GET"]}}],"collection":[{"href":"https:\/\/www.myinformatique.ma\/bienvenue\/wp-json\/wp\/v2\/product"}],"about":[{"href":"https:\/\/www.myinformatique.ma\/bienvenue\/wp-json\/wp\/v2\/types\/product"}],"replies":[{"embeddable":true,"href":"https:\/\/www.myinformatique.ma\/bienvenue\/wp-json\/wp\/v2\/comments?post=8162"}],"wp:featuredmedia":[{"embeddable":true,"href":"https:\/\/www.myinformatique.ma\/bienvenue\/wp-json\/wp\/v2\/media\/8165"}],"wp:attachment":[{"href":"https:\/\/www.myinformatique.ma\/bienvenue\/wp-json\/wp\/v2\/media?parent=8162"}],"wp:term":[{"taxonomy":"product_brand","embeddable":true,"href":"https:\/\/www.myinformatique.ma\/bienvenue\/wp-json\/wp\/v2\/product_brand?post=8162"},{"taxonomy":"product_cat","embeddable":true,"href":"https:\/\/www.myinformatique.ma\/bienvenue\/wp-json\/wp\/v2\/product_cat?post=8162"},{"taxonomy":"product_tag","embeddable":true,"href":"https:\/\/www.myinformatique.ma\/bienvenue\/wp-json\/wp\/v2\/product_tag?post=8162"}],"curies":[{"name":"wp","href":"https:\/\/api.w.org\/{rel}","templated":true}]}}