{"id":10520,"date":"2026-05-13T15:41:14","date_gmt":"2026-05-13T15:41:14","guid":{"rendered":"https:\/\/www.myinformatique.ma\/bienvenue\/?post_type=product&#038;p=10520"},"modified":"2026-05-13T15:46:17","modified_gmt":"2026-05-13T15:46:17","slug":"xiaomi-electric-scooter-6-ultra","status":"publish","type":"product","link":"https:\/\/www.myinformatique.ma\/bienvenue\/product\/xiaomi-electric-scooter-6-ultra\/","title":{"rendered":"Xiaomi Electric Scooter 6 Ultra"},"content":{"rendered":"","protected":false},"excerpt":{"rendered":"<p>Le <strong data-start=\"94\" data-end=\"120\">Xiaomi Scooter 6 Ultra<\/strong> est une trottinette \u00e9lectrique haut de gamme con\u00e7ue pour les trajets urbains <em data-start=\"198\" data-end=\"202\">et<\/em> hors route, offrant une combinaison de <strong data-start=\"242\" data-end=\"293\">puissance, autonomie, confort et design premium<\/strong>.<\/p>\n<hr \/>\n<p><strong data-start=\"368\" data-end=\"390\">Vitesse :<\/strong> jusqu\u2019\u00e0 <strong>25 km\/h<\/strong><\/p>\n<hr \/>\n<p><strong data-start=\"337\" data-end=\"352\">Autonomie :<\/strong> jusqu\u2019\u00e0 <strong>75 km<\/strong><\/p>\n<hr \/>\n<p><strong data-start=\"332\" data-end=\"363\">Moteur 1200 W tr\u00e8s puissant<\/strong> \u2013 acc\u00e9l\u00e9ration rapide en <strong data-start=\"389\" data-end=\"400\">\u2248 2,4 s<\/strong>, id\u00e9al pour pentes et fortes charges<\/p>\n<hr \/>\n<p><strong data-start=\"547\" data-end=\"566\">Charge rapide :<\/strong> 1 heure \u2248 <strong data-start=\"577\" data-end=\"586\">30 km<\/strong><\/p>\n<hr \/>\n<h3 data-section-id=\"10v94cu\" data-start=\"590\" data-end=\"627\">\ud83d\udede Con\u00e7u pour tous les terrains<\/h3>\n<p data-start=\"628\" data-end=\"872\">\u25aa\ufe0f <strong data-start=\"631\" data-end=\"660\">Pneus tout-terrain de 12\u2033<\/strong> \u2013 adh\u00e9rence optimale m\u00eame sur surfaces in\u00e9gales<br data-start=\"708\" data-end=\"711\" \/>\u25aa\ufe0f <strong data-start=\"714\" data-end=\"746\">Double suspension oscillante<\/strong> \u2013 confort sup\u00e9rieur et meilleure absorption des chocs<br data-start=\"800\" data-end=\"803\" \/>\u25aa\ufe0f <strong data-start=\"806\" data-end=\"832\">Conception ergonomique<\/strong> \u2013 conduites longues plus confortables<\/p>\n<p>&nbsp;<\/p>\n","protected":false},"featured_media":10509,"comment_status":"open","ping_status":"closed","template":"","meta":{"_acf_changed":false,"_monsterinsights_skip_tracking":false,"_monsterinsights_sitenote_active":false,"_monsterinsights_sitenote_note":"","_monsterinsights_sitenote_category":0},"product_brand":[],"product_cat":[262],"product_tag":[],"class_list":{"0":"post-10520","1":"product","2":"type-product","3":"status-publish","4":"has-post-thumbnail","6":"product_cat-trottinettes","8":"first","9":"instock","10":"shipping-taxable","11":"purchasable","12":"product-type-simple"},"acf":[],"_links":{"self":[{"href":"https:\/\/www.myinformatique.ma\/bienvenue\/wp-json\/wp\/v2\/product\/10520","targetHints":{"allow":["GET"]}}],"collection":[{"href":"https:\/\/www.myinformatique.ma\/bienvenue\/wp-json\/wp\/v2\/product"}],"about":[{"href":"https:\/\/www.myinformatique.ma\/bienvenue\/wp-json\/wp\/v2\/types\/product"}],"replies":[{"embeddable":true,"href":"https:\/\/www.myinformatique.ma\/bienvenue\/wp-json\/wp\/v2\/comments?post=10520"}],"wp:featuredmedia":[{"embeddable":true,"href":"https:\/\/www.myinformatique.ma\/bienvenue\/wp-json\/wp\/v2\/media\/10509"}],"wp:attachment":[{"href":"https:\/\/www.myinformatique.ma\/bienvenue\/wp-json\/wp\/v2\/media?parent=10520"}],"wp:term":[{"taxonomy":"product_brand","embeddable":true,"href":"https:\/\/www.myinformatique.ma\/bienvenue\/wp-json\/wp\/v2\/product_brand?post=10520"},{"taxonomy":"product_cat","embeddable":true,"href":"https:\/\/www.myinformatique.ma\/bienvenue\/wp-json\/wp\/v2\/product_cat?post=10520"},{"taxonomy":"product_tag","embeddable":true,"href":"https:\/\/www.myinformatique.ma\/bienvenue\/wp-json\/wp\/v2\/product_tag?post=10520"}],"curies":[{"name":"wp","href":"https:\/\/api.w.org\/{rel}","templated":true}]}}