{"id":10508,"date":"2026-05-11T16:08:07","date_gmt":"2026-05-11T16:08:07","guid":{"rendered":"https:\/\/www.myinformatique.ma\/bienvenue\/?post_type=product&#038;p=10508"},"modified":"2026-05-11T16:17:55","modified_gmt":"2026-05-11T16:17:55","slug":"xiaomi-scooter-electrique-elite","status":"publish","type":"product","link":"https:\/\/www.myinformatique.ma\/bienvenue\/product\/xiaomi-scooter-electrique-elite\/","title":{"rendered":"Xiaomi Scooter \u00e9lectrique Elite"},"content":{"rendered":"","protected":false},"excerpt":{"rendered":"<p>La <strong><span class=\"a_GcMg font-feature-liga-off font-feature-clig-off font-feature-calt-off text-decoration-none text-strikethrough-none\">Xiaomi Scooter \u00e9lectrique Elite<\/span><\/strong>\u00a0est une trottinette \u00e9lectrique pratique et l\u00e9g\u00e8re, parfaite pour vos d\u00e9placements quotidiens en ville avec une conduite confortable et s\u00e9curis\u00e9e.<\/p>\n<hr \/>\n<p><strong data-start=\"289\" data-end=\"311\">Vitesse :<\/strong> jusqu\u2019\u00e0 <strong data-start=\"320\" data-end=\"331\">25 km\/h<\/strong><\/p>\n<hr \/>\n<p><strong data-start=\"337\" data-end=\"352\">Autonomie :<\/strong> jusqu\u2019\u00e0 <strong data-start=\"361\" data-end=\"370\">45 km<\/strong><\/p>\n<hr \/>\n<p><strong data-start=\"376\" data-end=\"398\">Puissance moteur :<\/strong> jusqu\u2019\u00e0 <strong data-start=\"407\" data-end=\"416\">700 W<\/strong> pour une bonne acc\u00e9l\u00e9ration<\/p>\n<hr \/>\n<p><strong data-start=\"450\" data-end=\"478\">Design moderne &amp; robuste<\/strong> \u2013 id\u00e9ale pour usage quotidien<\/p>\n<hr \/>\n<p><strong data-start=\"514\" data-end=\"533\">Conduite stable<\/strong> \u2013 parfaite pour trajets maison-travail<\/p>\n<hr \/>\n<p><strong data-start=\"579\" data-end=\"589\">\u00c9tat :<\/strong> Neuf \u2013 Garantie 12 mois<\/p>\n<p>&nbsp;<\/p>\n","protected":false},"featured_media":10513,"comment_status":"open","ping_status":"closed","template":"","meta":{"_acf_changed":false,"_monsterinsights_skip_tracking":false,"_monsterinsights_sitenote_active":false,"_monsterinsights_sitenote_note":"","_monsterinsights_sitenote_category":0},"product_brand":[],"product_cat":[262],"product_tag":[],"class_list":{"0":"post-10508","1":"product","2":"type-product","3":"status-publish","4":"has-post-thumbnail","6":"product_cat-trottinettes","8":"first","9":"instock","10":"shipping-taxable","11":"purchasable","12":"product-type-simple"},"acf":[],"_links":{"self":[{"href":"https:\/\/www.myinformatique.ma\/bienvenue\/wp-json\/wp\/v2\/product\/10508","targetHints":{"allow":["GET"]}}],"collection":[{"href":"https:\/\/www.myinformatique.ma\/bienvenue\/wp-json\/wp\/v2\/product"}],"about":[{"href":"https:\/\/www.myinformatique.ma\/bienvenue\/wp-json\/wp\/v2\/types\/product"}],"replies":[{"embeddable":true,"href":"https:\/\/www.myinformatique.ma\/bienvenue\/wp-json\/wp\/v2\/comments?post=10508"}],"wp:featuredmedia":[{"embeddable":true,"href":"https:\/\/www.myinformatique.ma\/bienvenue\/wp-json\/wp\/v2\/media\/10513"}],"wp:attachment":[{"href":"https:\/\/www.myinformatique.ma\/bienvenue\/wp-json\/wp\/v2\/media?parent=10508"}],"wp:term":[{"taxonomy":"product_brand","embeddable":true,"href":"https:\/\/www.myinformatique.ma\/bienvenue\/wp-json\/wp\/v2\/product_brand?post=10508"},{"taxonomy":"product_cat","embeddable":true,"href":"https:\/\/www.myinformatique.ma\/bienvenue\/wp-json\/wp\/v2\/product_cat?post=10508"},{"taxonomy":"product_tag","embeddable":true,"href":"https:\/\/www.myinformatique.ma\/bienvenue\/wp-json\/wp\/v2\/product_tag?post=10508"}],"curies":[{"name":"wp","href":"https:\/\/api.w.org\/{rel}","templated":true}]}}